{"id":47,"date":"2012-12-12T15:50:29","date_gmt":"2012-12-12T13:50:29","guid":{"rendered":"http:\/\/www.valmennustaito.info\/taito\/?page_id=47"},"modified":"2021-03-22T12:38:43","modified_gmt":"2021-03-22T10:38:43","slug":"tietoja","status":"publish","type":"page","link":"http:\/\/www.valmennustaito.info\/taito\/tietoja\/","title":{"rendered":"Tietoja"},"content":{"rendered":"<p>Valmennustaito.info-sivuston ovat tuottaneet seuraavat tahot:<\/p>\n<ul>\n<li><a title=\"KIHU\" href=\"https:\/\/www.kihu.fi\/\">Kilpa- ja Huippu-urheilun tutkimuskeskus KIHU<\/a><\/li>\n<li><a title=\"Kuortaneen Urheiluopisto\" href=\"http:\/\/www.kuortane.com\/\">Kuortaneen Urheiluopisto<\/a><\/li>\n<li><a title=\"Suomen Olympiakomitea\" href=\"https:\/\/www.olympiakomitea.fi\/\">Suomen Olympiakomitea<\/a><\/li>\n<\/ul>\n<p>Valmennustaito.info-sivusto on toteutettu Opetus- ja kulttuuriministeri\u00f6n taloudellisella tuella.<\/p>\n<p>Kiit\u00e4mme videoilla esiintyvi\u00e4 henkil\u00f6it\u00e4.<\/p>\n<p>Sivustolla olevaa materiaalia on tarkoitettu sek\u00e4 henkil\u00f6kohtaiseen ett\u00e4 koulutusk\u00e4ytt\u00f6\u00f6n. Materiaalien kaupallinen k\u00e4ytt\u00f6 on kielletty.<\/p>\n<p>Sivustolla k\u00e4ytet\u00e4\u00e4n ev\u00e4steit\u00e4. Google Analyticsin ev\u00e4steell\u00e4 seurataaan sivuston k\u00e4vij\u00e4m\u00e4\u00e4ri\u00e4. Palautelomake-sivulla on hy\u00f6dynnetty Google reCAPTCHA -ty\u00f6kalua.<\/p>\n<p><strong>Valmennustaito.info -logot<\/strong><\/p>\n<p>Voit linkitt\u00e4\u00e4 Valmennustaito.info -sivulle k\u00e4ytt\u00e4m\u00e4ll\u00e4 seuraavia kuvalinkkej\u00e4. Voit kopioida kuvalinkin html-koodin valitsemasi kuvakoon kohdalta. Kuvan koko on mainittu pikselein\u00e4 (leveys X korkeus). Toivomme, ettei logoa muokata j\u00e4lkik\u00e4teen. Lis\u00e4tietoa logojen k\u00e4yt\u00f6st\u00e4 voit pyyt\u00e4\u00e4 palautelomakkeen kautta.<\/p>\n<div class=\"div1of3\"><a title=\"250 x 250 px\" href=\"\/images\/250x250.jpg\"><img decoding=\"async\" class=\"esimerkkilogo\" src=\"\/images\/250x250.jpg\" alt=\"250 x 250\"><\/a><br \/>\nNeli\u00f6n muotoinen 250 x 250 px<\/div>\n<div class=\"div1of3\"><a title=\"234 x 60 px\" href=\"\/images\/234x60.jpg\"><img decoding=\"async\" class=\"esimerkkilogo\" src=\"\/images\/234x60.jpg\" alt=\"234 x 60\"><\/a><br \/>\nVaakasuuntainen 234 x 60 px<\/div>\n<div class=\"div1of3\"><a title=\"150 x 300 px\" href=\"\/images\/150x300.jpg\"><img decoding=\"async\" class=\"esimerkkilogo\" src=\"\/images\/150x300.jpg\" alt=\"150 x 300\"><\/a><br \/>\nPystysuuntainen 150 x 300 px<\/div>\n<div>\nNeli\u00f6n muotoinen:<\/p>\n<ul>\n<li><a href=\"\/images\/125x125.jpg\">125 x 125 px<\/a><\/li>\n<li><a href=\"\/images\/250x250.jpg\">250 x 250 px<\/a><\/li>\n<\/ul>\n<\/div>\n<div>\n<p>Vaakasuuntainen:<\/p>\n<ul>\n<li><a href=\"\/images\/180x150.jpg\">180 x 150 px<\/a><\/li>\n<li><a href=\"\/images\/200x80.jpg\">200 x 80 px<\/a><\/li>\n<li><a href=\"\/images\/234x60.jpg\">234 x 60 px<\/a><\/li>\n<li><a href=\"\/images\/300x100.jpg\">300 x 100 px<\/a><\/li>\n<li><a href=\"\/images\/300x200.jpg\">300 x 200 px<\/a><\/li>\n<li><a href=\"\/images\/300x250.jpg\">300 x 250 px<\/a><\/li>\n<li><a href=\"\/images\/336x280.jpg\">336 x 280 px<\/a><\/li>\n<li><a href=\"\/images\/420x400.jpg\">420 x 400 px<\/a><\/li>\n<li><a href=\"\/images\/468x60.jpg\">468 x 60 px<\/a><\/li>\n<li><a href=\"\/images\/720x300.jpg\">720 x 300 px<\/a><\/li>\n<li><a href=\"\/images\/728x90.jpg\">728 x 90 px<\/a><\/li>\n<\/ul>\n<\/div>\n<div>\n<p>Pystysuuntainen:<\/p>\n<ul>\n<li><a href=\"\/images\/150x300.jpg\">150 x 300 px<\/a><\/li>\n<li><a href=\"\/images\/240x400.jpg\">240 x 400 px<\/a><\/li>\n<li><a href=\"\/images\/300x600.jpg\">300 x 600 px<\/a><\/li>\n<\/ul>\n<\/div>\n","protected":false},"excerpt":{"rendered":"<p>Valmennustaito.info-sivuston ovat tuottaneet seuraavat tahot: Kilpa- ja Huippu-urheilun tutkimuskeskus KIHU Kuortaneen Urheiluopisto Suomen Olympiakomitea Valmennustaito.info-sivusto on toteutettu Opetus- ja kulttuuriministeri\u00f6n taloudellisella tuella. Kiit\u00e4mme videoilla esiintyvi\u00e4 henkil\u00f6it\u00e4. Sivustolla olevaa materiaalia on tarkoitettu sek\u00e4 henkil\u00f6kohtaiseen ett\u00e4 koulutusk\u00e4ytt\u00f6\u00f6n. Materiaalien kaupallinen k\u00e4ytt\u00f6 on kielletty. &hellip; <a href=\"http:\/\/www.valmennustaito.info\/taito\/tietoja\/\">Lue loppuun <span class=\"meta-nav\">&rarr;<\/span><\/a><\/p>\n","protected":false},"author":1,"featured_media":0,"parent":0,"menu_order":20,"comment_status":"open","ping_status":"closed","template":"","meta":{"footnotes":""},"_links":{"self":[{"href":"http:\/\/www.valmennustaito.info\/taito\/wp-json\/wp\/v2\/pages\/47"}],"collection":[{"href":"http:\/\/www.valmennustaito.info\/taito\/wp-json\/wp\/v2\/pages"}],"about":[{"href":"http:\/\/www.valmennustaito.info\/taito\/wp-json\/wp\/v2\/types\/page"}],"author":[{"embeddable":true,"href":"http:\/\/www.valmennustaito.info\/taito\/wp-json\/wp\/v2\/users\/1"}],"replies":[{"embeddable":true,"href":"http:\/\/www.valmennustaito.info\/taito\/wp-json\/wp\/v2\/comments?post=47"}],"version-history":[{"count":27,"href":"http:\/\/www.valmennustaito.info\/taito\/wp-json\/wp\/v2\/pages\/47\/revisions"}],"predecessor-version":[{"id":777,"href":"http:\/\/www.valmennustaito.info\/taito\/wp-json\/wp\/v2\/pages\/47\/revisions\/777"}],"wp:attachment":[{"href":"http:\/\/www.valmennustaito.info\/taito\/wp-json\/wp\/v2\/media?parent=47"}],"curies":[{"name":"wp","href":"https:\/\/api.w.org\/{rel}","templated":true}]}}