{"id":21,"date":"2012-11-25T01:01:48","date_gmt":"2012-11-24T23:01:48","guid":{"rendered":"http:\/\/www.valmennustaito.info\/taito\/?page_id=21"},"modified":"2019-02-14T10:27:14","modified_gmt":"2019-02-14T08:27:14","slug":"palaute","status":"publish","type":"page","link":"http:\/\/www.valmennustaito.info\/taito\/palaute\/","title":{"rendered":"Palautelomake"},"content":{"rendered":"<p>Yhteydenotot s\u00e4hk\u00f6postitse tai alla olevalla lomakkeella.<\/p>\n<p>Sami Kalaja<br \/>\nsami.p.kalaja@jyu.fi<\/p>\n<div style=\"padding: 0.75em;\">\n<div class=\"wpcf7 no-js\" id=\"wpcf7-f20-o1\" lang=\"en-US\" dir=\"ltr\">\n<div class=\"screen-reader-response\"><p role=\"status\" aria-live=\"polite\" aria-atomic=\"true\"><\/p> <ul><\/ul><\/div>\n<form action=\"\/taito\/wp-json\/wp\/v2\/pages\/21#wpcf7-f20-o1\" method=\"post\" class=\"wpcf7-form init\" aria-label=\"Contact form\" novalidate=\"novalidate\" data-status=\"init\">\n<div style=\"display: none;\">\n<input type=\"hidden\" name=\"_wpcf7\" value=\"20\" \/>\n<input type=\"hidden\" name=\"_wpcf7_version\" value=\"5.9.8\" \/>\n<input type=\"hidden\" name=\"_wpcf7_locale\" value=\"en_US\" \/>\n<input type=\"hidden\" name=\"_wpcf7_unit_tag\" value=\"wpcf7-f20-o1\" \/>\n<input type=\"hidden\" name=\"_wpcf7_container_post\" value=\"0\" \/>\n<input type=\"hidden\" name=\"_wpcf7_posted_data_hash\" value=\"\" \/>\n<input type=\"hidden\" name=\"_wpcf7_recaptcha_response\" value=\"\" \/>\n<\/div>\n<p>Nimi (pakollinen)\n<\/p>\n<p><span class=\"wpcf7-form-control-wrap\" data-name=\"your-name\"><input size=\"40\" maxlength=\"400\" class=\"wpcf7-form-control wpcf7-text wpcf7-validates-as-required\" aria-required=\"true\" aria-invalid=\"false\" value=\"\" type=\"text\" name=\"your-name\" \/><\/span>\n<\/p>\n<p>S\u00e4hk\u00f6posti (pakollinen)\n<\/p>\n<p><span class=\"wpcf7-form-control-wrap\" data-name=\"your-email\"><input size=\"40\" maxlength=\"400\" class=\"wpcf7-form-control wpcf7-email wpcf7-validates-as-required wpcf7-text wpcf7-validates-as-email\" aria-required=\"true\" aria-invalid=\"false\" value=\"\" type=\"email\" name=\"your-email\" \/><\/span>\n<\/p>\n<p>Aihe\n<\/p>\n<p><span class=\"wpcf7-form-control-wrap\" data-name=\"radio-893\"><span class=\"wpcf7-form-control wpcf7-radio\"><span class=\"wpcf7-list-item first\"><input type=\"radio\" name=\"radio-893\" value=\"Asiasis\u00e4lt\u00f6\" \/><span class=\"wpcf7-list-item-label\">Asiasis\u00e4lt\u00f6<\/span><\/span><span class=\"wpcf7-list-item\"><input type=\"radio\" name=\"radio-893\" value=\"Videot\" \/><span class=\"wpcf7-list-item-label\">Videot<\/span><\/span><span class=\"wpcf7-list-item last\"><input type=\"radio\" name=\"radio-893\" value=\"Sivuston tekniset ratkaisut\" \/><span class=\"wpcf7-list-item-label\">Sivuston tekniset ratkaisut<\/span><\/span><\/span><\/span>\n<\/p>\n<p>Viesti\n<\/p>\n<p><span class=\"wpcf7-form-control-wrap\" data-name=\"your-message\"><textarea cols=\"40\" rows=\"10\" maxlength=\"2000\" class=\"wpcf7-form-control wpcf7-textarea\" aria-invalid=\"false\" name=\"your-message\"><\/textarea><\/span>\n<\/p>\n<p><input class=\"wpcf7-form-control wpcf7-submit has-spinner\" type=\"submit\" value=\"L\u00e4het\u00e4\" \/>\n<\/p><div class=\"wpcf7-response-output\" aria-hidden=\"true\"><\/div>\n<\/form>\n<\/div>\n<\/div>\n<p>T\u00e4ll\u00e4 lomakkeella antamiasi yhteystietoja k\u00e4ytet\u00e4\u00e4n ainoastaan palautteen k\u00e4sittelemiseksi. Yhteystietoja ei luovuteta muihin tarkoituksiin.<\/p>\n","protected":false},"excerpt":{"rendered":"<p>Yhteydenotot s\u00e4hk\u00f6postitse tai alla olevalla lomakkeella. Sami Kalaja sami.p.kalaja@jyu.fi T\u00e4ll\u00e4 lomakkeella antamiasi yhteystietoja k\u00e4ytet\u00e4\u00e4n ainoastaan palautteen k\u00e4sittelemiseksi. Yhteystietoja ei luovuteta muihin tarkoituksiin.<\/p>\n","protected":false},"author":1,"featured_media":0,"parent":0,"menu_order":10,"comment_status":"open","ping_status":"closed","template":"","meta":{"footnotes":""},"_links":{"self":[{"href":"http:\/\/www.valmennustaito.info\/taito\/wp-json\/wp\/v2\/pages\/21"}],"collection":[{"href":"http:\/\/www.valmennustaito.info\/taito\/wp-json\/wp\/v2\/pages"}],"about":[{"href":"http:\/\/www.valmennustaito.info\/taito\/wp-json\/wp\/v2\/types\/page"}],"author":[{"embeddable":true,"href":"http:\/\/www.valmennustaito.info\/taito\/wp-json\/wp\/v2\/users\/1"}],"replies":[{"embeddable":true,"href":"http:\/\/www.valmennustaito.info\/taito\/wp-json\/wp\/v2\/comments?post=21"}],"version-history":[{"count":12,"href":"http:\/\/www.valmennustaito.info\/taito\/wp-json\/wp\/v2\/pages\/21\/revisions"}],"predecessor-version":[{"id":659,"href":"http:\/\/www.valmennustaito.info\/taito\/wp-json\/wp\/v2\/pages\/21\/revisions\/659"}],"wp:attachment":[{"href":"http:\/\/www.valmennustaito.info\/taito\/wp-json\/wp\/v2\/media?parent=21"}],"curies":[{"name":"wp","href":"https:\/\/api.w.org\/{rel}","templated":true}]}}