{"id":11,"date":"2012-11-24T19:56:07","date_gmt":"2012-11-24T17:56:07","guid":{"rendered":"http:\/\/www.valmennustaito.info\/taito\/?page_id=11"},"modified":"2020-09-07T11:02:48","modified_gmt":"2020-09-07T08:02:48","slug":"valmennustaito","status":"publish","type":"page","link":"http:\/\/www.valmennustaito.info\/taito\/","title":{"rendered":"Etusivu"},"content":{"rendered":"<p><img decoding=\"async\" id=\"etusivun_iso_kuva\" src=\"\/taito\/wp-content\/themes\/valmennustaitoteema\/images\/etukuva.png\" alt=\"Lapsia urheilukent\u00e4ll\u00e4\"><\/p>\n<div class=\"div1of3 etusivun_pallot ensimmainen hyphenate\">\n<p><a title=\"Taitotohtorin blogi\" href=\"\/taito\/taitotohtori\/\"><img decoding=\"async\" loading=\"lazy\" class=\"alignnone\" title=\"Taitotohtori\" src=\"\/taito\/wp-content\/uploads\/2013\/12\/punainen_blogi.png\" alt=\"Linkki Taitotohtorin blogiin\" width=\"220\" height=\"220\"><\/a><!--span class=\"etusivun_otsikko\" id=\"keltainen_otsikko ensimmainen\">Perustaidot ennen lajitaitoja<\/span--><!-- Perustaitojen merkityst\u00e4 voidaan perustella kahdella argumentilla. Liikunta- ja urheiluharrastuksen jatkuminen edellytt\u00e4\u00e4 motoristen perustaitojen osaamista. Perustaitojen puutteellisuus muodostaa p\u00e4tevyysesteen lajitaitojen opettelemiselle. Esimerkiksi kiinnioton vaikeudet voivat johtaa siihen, ett\u00e4 pallopelien harrastaminen loppuu. Toisaalta perustaitojen laaja hallinta on edellytyksen\u00e4 lajitaitojen oppimiselle. Esimerkiksi teknisesti hyv\u00e4n keih\u00e4\u00e4nheittotekniikan taustalta on l\u00f6ydett\u00e4viss\u00e4 yliolan heiton liikemalli. T\u00e4ll\u00e4 sivustolla on kuvattu keskeisimm\u00e4t motoriset perustaidot ja niiden kehitt\u00e4misen kannalta t\u00e4rke\u00e4t liikevariaatiot.--><div class='slposts-container slposts-ulist-container slp-instance-default'><ul class='slposts-wrapper slposts-ulist NULL'><li class='slposts-ulist-litem'><div class='slposts-caption'><h3 class='slposts-ulist-title'><a href='http:\/\/www.valmennustaito.info\/taito\/oppiiko-videolta-taitoja-follow-along-videovalmennuksen-hyvista-ja-huonoista-puolista\/'>Oppiiko videolta taitoja? Follow along -videovalmennuksen hyvist\u00e4 ja huonoista puolista<\/a><\/h3><\/div><\/li><li class='slposts-ulist-litem'><div class='slposts-caption'><h3 class='slposts-ulist-title'><a href='http:\/\/www.valmennustaito.info\/taito\/pieni-tauko-harjoittelussa-ei-nayttaisi-haittaavan-oppimista\/'>Pieni tauko harjoittelussa ei n\u00e4ytt\u00e4isi haittaavan oppimista<\/a><\/h3><\/div><\/li><li class='slposts-ulist-litem'><div class='slposts-caption'><h3 class='slposts-ulist-title'><a href='http:\/\/www.valmennustaito.info\/taito\/vaihtelun-kipina-sytyttaa-oppimisen-liekin\/'>Vaihtelun kipin\u00e4 sytytt\u00e4\u00e4 oppimisen liekin<\/a><\/h3><\/div><\/li><li class='slposts-ulist-litem'><div class='slposts-caption'><h3 class='slposts-ulist-title'><a href='http:\/\/www.valmennustaito.info\/taito\/on-eri-asia-osata-tehda-temppu-kuin-osata-selittaa-se\/'>On eri asia osata tehd\u00e4 temppu, kuin osata selitt\u00e4\u00e4 se<\/a><\/h3><\/div><\/li><li class='slposts-ulist-litem'><div class='slposts-caption'><h3 class='slposts-ulist-title'><a href='http:\/\/www.valmennustaito.info\/taito\/alylaitteet-hyviksia-vai-pahiksia-taidon-kannalta\/'>\u00c4lylaitteet: hyviksi\u00e4 vai pahiksia taidon kannalta?<\/a><\/h3><\/div><\/li><div class='slposts-ulist-pagination slp-pagination'><\/div><\/ul>\n        <script type=\"text\/javascript\" charset=\"utf-8\">\n            \/\/<![CDATA[\n            jQuery(document).ready(function(){\n                jQuery(\".slp-instance-default .slp-pagination a\").live(\"click\", function(e){\n                    e.preventDefault();\n                    var link = jQuery(this).attr(\"href\");\n                    jQuery(\".slp-instance-default .slposts-wrapper\").html(\"<style type=\\\"text\/css\\\">p.loading { text-align:center;margin:0 auto; padding:20px; }<\/style><p class=\\\"loading\\\"><img src=\\\"http:\/\/www.valmennustaito.info\/taito\/wp-content\/plugins\/single-latest-posts-lite\/core\/img\/loader.gif\\\" \/><\/p>\");\n                    jQuery(\".slp-instance-default .slposts-wrapper\").fadeOut(\"slow\",function(){\n                        jQuery(\".slp-instance-default .slposts-wrapper\").load(link+\" .slp-instance-default .slposts-wrapper > *\").fadeIn(3000, function(){\n                            var slpOffset = jQuery( \".slposts-container\" ).offset().top;\n                            jQuery(\"body, html\").animate({\n                                scrollTop: slpOffset-100\n                            }, 200);\n                        });\n                    });\n\n                });\n            });\n            \/\/]]>\n        <\/script><\/div><\/p>\n<\/div>\n<div class=\"div1of3 etusivun_pallot hyphenate\">\n<p><a title=\"Taitokartta\" href=\"\/taitokartta\/\"><img decoding=\"async\" loading=\"lazy\" class=\"alignnone\" src=\"\/taito\/wp-content\/uploads\/2013\/08\/oranssi.png\" alt=\"Taitokartta\" width=\"220\" height=\"230\"><\/a><\/p>\n<p><!--span class=\"etusivun_otsikko\" id=\"oranssi_otsikko\">Taitokartta<\/span--><\/p>\n<p>Taitokartta on mindmap-muotoon visualisoitu kokonaisuus keskeisimmist\u00e4 perusliikuntataidoista. Motoriset perusliikuntataidot voidaan luokitella tasapaino-, liikkumis- ja v\u00e4lineenk\u00e4sittelytaitoihin (Gallahuen luokittelu).<br \/>\nTaitojen oppimista tehostaa vaihtelu. T\u00e4ss\u00e4 taitokartassa perusliikuntataidoista on esitelty muutamia variaatioita, joiden avulla harjoitteluun saadaan vaihtelua.<br \/>\nLiikkeen nime\u00e4 klikkaamalla k\u00e4ynnistyy videoklippi kyseisest\u00e4 suorituksesta. Valmennustaito-logoa klikkaamalla palataan takaisin etusivulle<\/p>\n<\/div>\n<div class=\"div1of3 etusivun_pallot hyphenate\">\n<p><a title=\"Oppimisesta ja opettamisesta\" href=\"\/taito\/teoriaosuus\/\"><img decoding=\"async\" loading=\"lazy\" class=\"alignnone\" src=\"\/taito\/wp-content\/uploads\/2013\/08\/keltainen.png\" alt=\"Teoriaosuus\" width=\"220\" height=\"230\"><\/a><\/p>\n<p><!--span class=\"etusivun_otsikko\" id=\"punainen_otsikko\">Oppimisesta ja opettamisesta<\/span--><\/p>\n<p>Taitosivuston teoriaosuudessa on luettavissa tiivis paketti taitojen oppimisesta ja opettamisesta.<br \/>\nTaitojen oppimistilanteissa oppija, opeteltava teht\u00e4v\u00e4 ja oppimisymp\u00e4rist\u00f6 ovat dynaamisessa vuorovaikutuksessa kesken\u00e4\u00e4n..<br \/>\nTaitojen oppimisen kannalta kriittiset tekij\u00e4t ovat harjoittelun m\u00e4\u00e4r\u00e4, vaihtelu, vaivann\u00e4k\u00f6 ja oppimista tukeva motivaatioilmasto.<br \/>\nTeoriaosuus tarjoaa valmentajalle, ohjaajalle ja opettajalle tietoa tehokkaasta ja tuloksekkaasta taitovalmennuksesta<\/p>\n<\/div>\n<div id=\"etusivu_alaviiva\"><\/div>\n<div class=\"div1of3 etusivun_alemmat_pallot ensimmainen hyphenate\">\n<p><a title=\"Motorisen koordinaation arviointi, KTK-testi\" href=\"\/taito\/ktk-testi\/\"><img decoding=\"async\" loading=\"lazy\" class=\"alignnone\" src=\"\/taito\/wp-content\/uploads\/2013\/08\/KTK_testi_ikoni.png\" alt=\"KTK-testi\" width=\"220\" height=\"230\"><\/a><\/p>\n<p>KTK-testi (K\u00f6rperkoordinationstest f\u00fcr Kinder) on 5\u201315-vuotiaiden tytt\u00f6jen ja poikien motorista koordinaatiota arvioiva testikokonaisuus, johon kuuluu nelj\u00e4 erilaista testi\u00e4. Valmennustaitosivustossa esitell\u00e4\u00e4n KTK-testist\u00f6 videoiden sek\u00e4 ohjetekstien avulla.<\/p>\n<\/div>\n<div class=\"div1of3 etusivun_alemmat_pallot hyphenate\">\n<p>&nbsp;<\/p>\n<p><a href=\"http:\/\/www.valmennustaito.info\/taito\/kasva-urheilijaksi-taitovalmiustestien-sovellukset\/\"><strong>Kasva Urheilijaksi taitovalmiustestien sovellukset<\/strong><\/a><\/p>\n<p>Sovellus py\u00f6r\u00e4tuolin k\u00e4ytt\u00e4jille sek\u00e4 vinkkej\u00e4 pystyst\u00e4 liikkuville vammaisurheilijoille.<\/p>\n<p>Sovelluksia yleiseen taitovalmiustestiin vaikeasti heikkon\u00e4k\u00f6iselle ja\/tai sokealle urheilijalle sek\u00e4 liikuntavammaiselle pystyurheilijalle.<\/p>\n<\/div>\n<div class=\"div1of3 etusivun_alemmat_pallot hyphenate\">\n<p><a title=\"L\u00e4hdeaineisto\" href=\"\/taito\/lahdeaineisto\/\"><img decoding=\"async\" loading=\"lazy\" class=\"alignnone\" src=\"\/taito\/wp-content\/uploads\/2013\/08\/lahdeluettelo_ikoni.png\" alt=\"L\u00e4hdeaineisto\" width=\"220\" height=\"220\"><\/a><\/p>\n<p>Taitokartta -mind mapin viitekehyksen\u00e4 on k\u00e4ytetty kansainv\u00e4lisesti hyvin tunnettua Gallahuen taitoluokittelua. Valmennustaitosivuston teoria pohjautuu motorisen oppimisen tutkimukseen ja alan kirjallisuuteen. L\u00e4hdeaineisto-osioon on koottuna l\u00e4htein\u00e4 k\u00e4ytetyt teokset.<\/p>\n<\/div>\n<div class=\"hidden\"><\/div>\n","protected":false},"excerpt":{"rendered":"<p>Taitokartta on mindmap-muotoon visualisoitu kokonaisuus keskeisimmist\u00e4 perusliikuntataidoista. Motoriset perusliikuntataidot voidaan luokitella tasapaino-, liikkumis- ja v\u00e4lineenk\u00e4sittelytaitoihin (Gallahuen luokittelu). Taitojen oppimista tehostaa vaihtelu. T\u00e4ss\u00e4 taitokartassa perusliikuntataidoista on esitelty muutamia variaatioita, joiden avulla harjoitteluun saadaan vaihtelua. Liikkeen nime\u00e4 klikkaamalla k\u00e4ynnistyy videoklippi kyseisest\u00e4 suorituksesta. &hellip; <a href=\"http:\/\/www.valmennustaito.info\/taito\/\">Lue loppuun <span class=\"meta-nav\">&rarr;<\/span><\/a><\/p>\n","protected":false},"author":1,"featured_media":0,"parent":0,"menu_order":0,"comment_status":"open","ping_status":"open","template":"","meta":{"footnotes":""},"_links":{"self":[{"href":"http:\/\/www.valmennustaito.info\/taito\/wp-json\/wp\/v2\/pages\/11"}],"collection":[{"href":"http:\/\/www.valmennustaito.info\/taito\/wp-json\/wp\/v2\/pages"}],"about":[{"href":"http:\/\/www.valmennustaito.info\/taito\/wp-json\/wp\/v2\/types\/page"}],"author":[{"embeddable":true,"href":"http:\/\/www.valmennustaito.info\/taito\/wp-json\/wp\/v2\/users\/1"}],"replies":[{"embeddable":true,"href":"http:\/\/www.valmennustaito.info\/taito\/wp-json\/wp\/v2\/comments?post=11"}],"version-history":[{"count":97,"href":"http:\/\/www.valmennustaito.info\/taito\/wp-json\/wp\/v2\/pages\/11\/revisions"}],"predecessor-version":[{"id":807,"href":"http:\/\/www.valmennustaito.info\/taito\/wp-json\/wp\/v2\/pages\/11\/revisions\/807"}],"wp:attachment":[{"href":"http:\/\/www.valmennustaito.info\/taito\/wp-json\/wp\/v2\/media?parent=11"}],"curies":[{"name":"wp","href":"https:\/\/api.w.org\/{rel}","templated":true}]}}